g. What are the prime factors of y?
2, 61
Let n = 104 - -360. Let v = 746 - n. List the prime factors of v.
2, 3, 47
Let s(b) = -3*b - 5. Let g be s(5). List the prime factors of -1 + (-375)/(g/4).
2, 37
Let h = -38 + 124. Let j(a) = 107*a - 2. Let m be j(2). Suppose 0 = -3*s - h + m. List the prime factors of s.
2, 3, 7
Suppose -5971 = -14*t - 1197. What are the prime factors of t?
11, 31
Let x(j) be the second derivative of 3*j**3 - 4*j**2 - 10*j. Let z be x(7). Let m = z + -70. What are the prime factors of m?
2, 3
Let a(f) = f**3 - 12*f**2 + 2*f + 24. Let s be a(12). Let o = 65 - s. List the prime factors of o.
17
Let o be (-4 + 3)/((-2)/(-58)). Let d = o - -29. Suppose x + 5*v = 5*x - 215, d = 3*x - 4*v - 161. List the prime factors of x.
5, 11
Suppose -263 = -3*h + 1033. List the prime factors of h.
2, 3
Suppose 2*v - 59 = -5*h, 0 = -4*v - h - 0*h + 73. Let c(m) = m**3 - 16*m**2 - 17*m - 5. Let g be c(v). List the prime factors of (126/(-15))/(2/g).
3, 7
Suppose -4*n + 86 + 202 = 4*b, -n - 4*b + 69 = 0. List the prime factors of n.
73
Suppose 0 = -4*u + 3*u. Suppose -g = -w - u*w - 98, 184 = 2*g + 4*w. List the prime factors of g.
2, 3
Suppose 0 = -3*z - 2*z + 3*o - 1649, 3*z - o = -991. Let h = -229 - z. What are the prime factors of h?
2, 3, 17
Suppose z + 3*w - 32 = -w, 0 = z + w - 20. Let g be (3 - 18)/((-6)/z). Suppose 3*l - g = l. List the prime factors of l.
2, 5
Suppose 3*s + 0*s - 6 = 0, 4*f - 8 = 4*s. Suppose 2*c = -3*l - 3*c + 32, -f = 2*l - 3*c. List the prime factors of (4 + 21)/(l/4).
5
Let k be -2*-1*(-15)/(-6). What are the prime factors of k/3 + -1 + (-19856)/(-204)?
2, 7
Let u = 273 + 137. What are the prime factors of u?
2, 5, 41
Suppose 2*p - 2160 = -2*v - 2*v, -5*v + 2*p + 2691 = 0. List the prime factors of v.
7, 11
Let w be 18/2*(-3)/(-9). Suppose 44 = w*b + b. List the prime factors of b.
11
Let i(h) = 2*h - 27. Let v be i(11). Let y(c) = -c**3 - 2*c**2 + 2*c - 1. What are the prime factors of y(v)?
2
Let r(u) = -2*u**3 + 9*u - 6. Let t be r(3). Let n = -18 - t. What are the prime factors of n?
3, 5
Let v(y) = 572*y + 6. List the prime factors of v(1).
2, 17
Suppose -89*m + 1240 = -84*m. What are the prime factors of m?
2, 31
Let a be (-3)/(18/58)*3. Let d be (3/(-10)*-38)/(69/345). Let t = d + a. List the prime factors of t.
2, 7
Suppose -5*x + n + 530 = 4*n, 5*x = 4*n + 565. What are the prime factors of x?
109
Let q = -2832 - -4960. What are the prime factors of q?
2, 7, 19
Suppose 6*f = 3816 + 1416. What are the prime factors of f?
2, 109
Suppose r - 4 = 0, 2*r - 732 + 54 = -5*g. Suppose 3*h = -5*v + 143, 3*h + v = 5*v + g. List the prime factors of h.
2, 23
Suppose -6 = -4*z + z. Suppose 6 + 18 = z*q. Suppose 4*v + 34 = 3*o - q, 12 = o - 2*v. List the prime factors of o.
2, 11
List the prime factors of ((-155)/6 + 30/(-180))/(-1).
2, 13
Suppose -2*j + 9 = -1. Suppose -5*t + 15 = 0, -5*c - 2*t + 14 = t. Let k = j - c. List the prime factors of k.
2
What are the prime factors of 1527/3 - -3 - (-60)/(-12)?
3, 13
Let y(w) = 52*w**3 - 5*w**2 + 3*w + 11. List the prime factors of y(4).
3271
Let r(d) = d**2 + 6*d - 130. Let g be r(0). Let c = 221 + g. List the prime factors of c.
7, 13
Let z be ((-11)/(-2))/(7/14). Let p = z + -9. Suppose 14 = -m + p*m. List the prime factors of m.
2, 7
Let p be 5/20 + (-12)/(-16). Suppose 2*i + 3 = 4*h - p, -5*i - 3*h = -55. List the prime factors of i.
2
Let q = -22 + 22. What are the prime factors of 0 - q/(-2) - -20?
2, 5
Let s(l) = 3*l**2 - 2*l. Let v be -1*3*(-4)/(-4). Let o(c) = c**3 + 4*c**2 - 5. Let k be o(v). List the prime factors of s(k).
2, 5
Let k(w) = 2*w**3 - 19*w**2 + 20*w - 25. List the prime factors of k(11).
2, 3, 31
Suppose -3*g = 49 - 157. Let z = g + 18. What are the prime factors of z?
2, 3
Let y = 2369 + -93. List the prime factors of y.
2, 569
Let k(r) = 9*r + 75. List the prime factors of k(15).
2, 3, 5, 7
Suppose -5*v + 11*v = 6. Let k(x) = 11*x + 3. Let y(o) = -10*o - 4. Let r(z) = 4*k(z) + 3*y(z). What are the prime factors of r(v)?
2, 7
Let w(k) = -2557*k**3 - 9*k**2 - 9*k - 1. List the prime factors of w(-1).
2, 3, 71
Let m(y) be the first derivative of 0*y + 1 + 6*y**2 - 1/3*y**3. List the prime factors of m(9).
3
Let m(b) = 30*b - 15. Let j be m(2). Suppose 4*k - 560 = 4*n, -k - 3*n = -79 - j. What are the prime factors of k?
2, 17
Suppose 26*b = 4568 - 44. What are the prime factors of b?
2, 3, 29
Let q = -9 + 126. List the prime factors of q.
3, 13
Suppose 4*k - 2 = -0*a + 3*a, 4*a = 4*k. Let o be (-2)/9 + a/9. Suppose 3*s = -5*i + 73, o*s = -5*i - s + 81. What are the prime factors of i?
17
Let q(s) = 653*s - 65. What are the prime factors of q(3)?
2, 947
Let u be 6/3 - (2 + (-2 - -3)). List the prime factors of (-594)/(-81)*(1 - 19)/u.
2, 3, 11
Let s = -18 + 18. Suppose -5*x + x - 2*a + 148 = s, -x + 39 = a. What are the prime factors of x?
5, 7
Let q(r) = -25*r + 3. Let k be (-2 - 4)*(-5)/(-15). Let m be q(k). Suppose -112 = l - 4*l + 5*f, 0 = 2*l + f - m. List the prime factors of l.
29
Suppose 2*t - 12 = -2. Suppose 7*y + 30 = t*y. Let d = y + 27. List the prime factors of d.
2, 3
Let d(p) be the second derivative of -2*p**3/3 - 8*p**2 + p. Suppose 5*i - 9*i = 44. List the prime factors of d(i).
2, 7
Let x be (-48)/(-18)*6/4. Suppose -2*y = -3 - 1. Suppose 78 = x*v + q, y*v = -v + q + 55. List the prime factors of v.
19
Suppose 3*o = 3*u + 27, 5*u + 0*o = -3*o - 45. Let z = u - -17. List the prime factors of z.
2
Suppose -7445 - 187 = -12*x. List the prime factors of x.
2, 3, 53
Let o(u) = -u**2 - 8*u + 5. Let m be o(-8). Suppose z = m*s + 24, s + 2 + 46 = 2*z. List the prime factors of z.
2, 3
Let f(a) = -a + 22. Let t(u) = -6*u + 1. Let h be t(2). List the prime factors of f(h).
3, 11
Let z = 9 + 3. Let l(i) be the second derivative of i**3/6 + 17*i**2/2 + i. What are the prime factors of l(z)?
29
Let x = 66 - 62. Suppose x*k - 342 = -2*k. What are the prime factors of k?
3, 19
Suppose 17 - 69 = -13*l. Suppose -l*f - u + 331 = 0, -3*f - 3*u + 251 = -5*u. List the prime factors of f.
83
Let g(j) = -11*j**3 - 3*j**2 - j. Let p be g(-2). Let x = p + -8. List the prime factors of x.
2, 5, 7
Suppose 5*p - p + 12 = 0. Let c = 16 + p. What are the prime factors of c?
13
Let x(u) = 2*u - 4. Let o be x(7). Suppose 0 = z - 88 - o. What are the prime factors of z?
2, 7
Let b(h) = -h**3 - 5*h**2 - 5*h - 4. Let s be b(-4). Let q be 2/(-9) - (-58)/18. Suppose 0 = -s*v - v + q. List the prime factors of v.
3
Let l = 88 - 177. Let u = -33 - l. List the prime factors of u.
2, 7
Suppose -2*c - 2*c - 20 = f, -4*c = -4*f. List the prime factors of 522/8 + 3*c/(-16).
2, 3, 11
Let r = 153 + -108. Suppose -4*l - r = -13. Let n(t) = t**2 + 2*t - 4. What are the prime factors of n(l)?
2, 11
Let h be ((-7)/2)/7*-8. Suppose 0*z - h*z = 308. Let j = -49 - z. List the prime factors of j.
2, 7
Let o = -99 - -103. Suppose 4*m + 992 = 4*g, o*m = 2*g - 344 - 162. List the prime factors of g.
3
Let n = 53 + -49. Suppose 2*h - 20 = -n*r, -h = -6*h - 3*r + 64. List the prime factors of h.
2, 7
Let a be 291/(-12) + -2 + 4/16. List the prime factors of 7/(56/(-36))*a.
3, 13
Let g be ((-363)/6 - -3)*2. Let m = g - -224. List the prime factors of m.
109
Suppose a = 5 - 3. Let p(l) = 0*l**2 + 2*l - l**a - 1 + 72*l**3 - 22*l**3. List the prime factors of p(1).
2, 5
List the prime factors of 28/21 + -1 + 470/3.
157
Let l = 1569 - 1106. List the prime factors of l.
463
Let i(t) = 5*t**3 + 5*t**2 + 12*t - 4. List the prime factors of i(6).
2, 83
Let k(w) = 35*w**2 + 17*w + 8. List the prime factors of k(-5).
2, 3, 7, 19
Let o(h) be the second derivative of -2*h**3/3 + 6*h**2 + 7*h. List the prime factors of o(-6).
2, 3
Let f(g) = -13*g**3 + 6*g**2 - 15*g - 28. What are the prime factors of f(-7)?
2, 3, 5, 7, 23
Let m = -23 + -5. Let o = -29 - m. List the prime factors of 19 - (-4 + o + 4).
2, 5
Let b be (-7)/(-14)*(-2 - -126). Let p = 132 - b. List the prime factors of p.
2, 5, 7
Suppose -p - 5*f + 104 = -19, 0 = -2*p + 2*f + 258. Suppose -2*w + p = -6*d + 3*d, 0 = 4*w + 2*d - 272. List the prime factors of w.
67
Let w = 2088 + -1058. List the prime factors of w.
2, 5, 103
List the prime factors of 3 + ((-185)/(-111))/(1/681).
2, 569
Let j be (-4)/14 + (-96)/7. Let n = -9 - j. Su